{"id":153,"date":"2018-07-04T09:05:45","date_gmt":"2018-07-04T09:05:45","guid":{"rendered":"http:\/\/semikem.ba\/nova\/?page_id=153"},"modified":"2021-01-27T17:25:48","modified_gmt":"2021-01-27T17:25:48","slug":"o-nama","status":"publish","type":"page","link":"http:\/\/semikem.ba\/nova\/o-nama\/","title":{"rendered":"O nama"},"content":{"rendered":"\t\t<div data-elementor-type=\"wp-post\" data-elementor-id=\"153\" class=\"elementor elementor-153\">\n\t\t\t\t\t\t<div class=\"elementor-inner\">\n\t\t\t\t<div class=\"elementor-section-wrap\">\n\t\t\t\t\t\t\t\t\t<section class=\"elementor-section elementor-top-section elementor-element elementor-element-042100f elementor-section-stretched elementor-section-full_width elementor-section-height-default elementor-section-height-default\" data-id=\"042100f\" data-element_type=\"section\" data-settings=\"{&quot;stretch_section&quot;:&quot;section-stretched&quot;}\">\n\t\t\t\t\t\t<div class=\"elementor-container elementor-column-gap-default\">\n\t\t\t\t\t\t\t<div class=\"elementor-row\">\n\t\t\t\t\t<div class=\"elementor-column elementor-col-100 elementor-top-column elementor-element elementor-element-b544dbd\" data-id=\"b544dbd\" data-element_type=\"column\">\n\t\t\t<div class=\"elementor-column-wrap elementor-element-populated\">\n\t\t\t\t\t\t\t<div class=\"elementor-widget-wrap\">\n\t\t\t\t\t\t<div class=\"elementor-element elementor-element-dc1c903 elementor-widget elementor-widget-text-editor\" data-id=\"dc1c903\" data-element_type=\"widget\" data-widget_type=\"text-editor.default\">\n\t\t\t\t<div class=\"elementor-widget-container\">\n\t\t\t\t\t\t\t\t<div class=\"elementor-text-editor elementor-clearfix\">\n\t\t\t\t<p><img loading=\"lazy\" class=\"wp-image-282 size-large alignleft\" src=\"http:\/\/semikem.ba\/nova\/wp-content\/uploads\/2018\/07\/chemistry-3188870_1920-1-1024x576.jpg\" alt=\"\" width=\"600\" height=\"338\" srcset=\"http:\/\/semikem.ba\/nova\/wp-content\/uploads\/2018\/07\/chemistry-3188870_1920-1-1024x576.jpg 1024w, http:\/\/semikem.ba\/nova\/wp-content\/uploads\/2018\/07\/chemistry-3188870_1920-1-300x169.jpg 300w, http:\/\/semikem.ba\/nova\/wp-content\/uploads\/2018\/07\/chemistry-3188870_1920-1-768x432.jpg 768w, http:\/\/semikem.ba\/nova\/wp-content\/uploads\/2018\/07\/chemistry-3188870_1920-1-160x90.jpg 160w, http:\/\/semikem.ba\/nova\/wp-content\/uploads\/2018\/07\/chemistry-3188870_1920-1-600x338.jpg 600w, http:\/\/semikem.ba\/nova\/wp-content\/uploads\/2018\/07\/chemistry-3188870_1920-1.jpg 1920w\" sizes=\"(max-width: 600px) 100vw, 600px\" \/>Semikem doo, Sarajevo je porodi\u010dna privatna kompanija osnovana u maju 1989. godine.\u00a0 Kompanija u\u017eiva dugogodi\u0161nju tradiciju kao jedna od prvih registrovanih ovla\u0161tenih firmi koja se bavi proizvodnjom, distribucijom, plasmanom i prodajom proizvoda namijenjenih medicini, farmaciji, nau\u010dnim disciplinama, edukaciji, prehrambenoj industriji, veterinarstvu, te\u0161koj industriji, poljoprivredi, malim i srednjim zanatskim djelatnostima i za op\u0161tu upotrebu.<\/p><p>Kompanija od svog osnivanja ula\u017ee trud da u svojoj ponudi razvija i spaja visoko kvalitetne, ta\u010dne i\u00a0 cijenom prihvatljive proizvode prilago\u0111ene izazovima tr\u017ei\u0161ta. U skladu s tim, pored vlastitog proizvodnog programa, Semikem doo je ekskluzivni distributer visoko kvalitetnih proizvoda s ciljem pomaganja nau\u010dnicima, ljekarima, farmaceutima \u0161irom Bosne i Hercegovine i regiona da se suo\u010de sa izazovima u laboratoriji i na terenu.<\/p><p>Semikem doo vjeruje u politiku inicijalnosti gra\u0111enja partnerskih odnosa sa klijentima i poslovnim partnerima sa zajedni\u010dkim ciljem unaprije\u0111enja zdravlja, nauke, svakodnevnog \u017eivota i kvaliteta \u017eivljenja. Od rutinske analize do novih otkri\u0107a, na\u0161a ponuda omogu\u0107uje profesionalcima da urade to \u0161to je potrebno i kako \u017eele. Od laboratorijskih reagenasa, laboratorijske opreme, kemikalija, potro\u0161nih materijala u svim poljima nauke i medicine, industrije i svakodnevnog \u017eivota poma\u017eemo na\u0161im partnerima da rije\u0161e izazove koje name\u0107e analiza, unaprijede dijagnostiku i pove\u0107aju produktivnost u laboratoriji.<\/p>\t\t\t\t\t<\/div>\n\t\t\t\t\t\t<\/div>\n\t\t\t\t<\/div>\n\t\t\t\t\t\t<\/div>\n\t\t\t\t\t<\/div>\n\t\t<\/div>\n\t\t\t\t\t\t\t\t<\/div>\n\t\t\t\t\t<\/div>\n\t\t<\/section>\n\t\t\t\t\t\t\t\t\t<\/div>\n\t\t\t<\/div>\n\t\t\t\t\t<\/div>\n\t\t","protected":false},"excerpt":{"rendered":"<p>Semikem doo, Sarajevo je porodi\u010dna privatna kompanija osnovana u maju 1989. godine.\u00a0 Kompanija u\u017eiva dugogodi\u0161nju tradiciju kao jedna od prvih registrovanih ovla\u0161tenih firmi koja se bavi proizvodnjom, distribucijom, plasmanom i prodajom proizvoda namijenjenih medicini, farmaciji, nau\u010dnim disciplinama, edukaciji, prehrambenoj industriji, veterinarstvu, te\u0161koj industriji, poljoprivredi, malim i srednjim zanatskim djelatnostima i za op\u0161tu upotrebu. Kompanija od [&hellip;]<\/p>\n","protected":false},"author":1,"featured_media":0,"parent":0,"menu_order":0,"comment_status":"closed","ping_status":"closed","template":"","meta":[],"_links":{"self":[{"href":"http:\/\/semikem.ba\/nova\/wp-json\/wp\/v2\/pages\/153"}],"collection":[{"href":"http:\/\/semikem.ba\/nova\/wp-json\/wp\/v2\/pages"}],"about":[{"href":"http:\/\/semikem.ba\/nova\/wp-json\/wp\/v2\/types\/page"}],"author":[{"embeddable":true,"href":"http:\/\/semikem.ba\/nova\/wp-json\/wp\/v2\/users\/1"}],"replies":[{"embeddable":true,"href":"http:\/\/semikem.ba\/nova\/wp-json\/wp\/v2\/comments?post=153"}],"version-history":[{"count":5,"href":"http:\/\/semikem.ba\/nova\/wp-json\/wp\/v2\/pages\/153\/revisions"}],"predecessor-version":[{"id":1681,"href":"http:\/\/semikem.ba\/nova\/wp-json\/wp\/v2\/pages\/153\/revisions\/1681"}],"wp:attachment":[{"href":"http:\/\/semikem.ba\/nova\/wp-json\/wp\/v2\/media?parent=153"}],"curies":[{"name":"wp","href":"https:\/\/api.w.org\/{rel}","templated":true}]}}